ppose 23 + 117 = 2*d. Let f(v) be the second derivative of v**4/4 - v**3/6 - 2*v. Let l be f(2). Calculate the greatest common factor of d and l.
10
Let o be 16/40 - (-133)/5. Let i = 29 + o. Let w be (28/(-6))/(2/(-6)). Calculate the highest common divisor of w and i.
14
Let q(y) = 13 - 3*y**3 + 0*y**3 + 2*y**3 + 1. Let r be q(0). Calculate the greatest common divisor of 21 and r.
7
Suppose 28*t - 29*t + 26 = 0. Calculate the greatest common factor of 208 and t.
26
Let i = -190 - -201. Calculate the highest common factor of i and 99.
11
Let c(l) = -l**3 - l**2 + 135. Let a be c(0). Calculate the greatest common factor of a and 27.
27
Let u be 2/5 + (-546)/(-35). Calculate the greatest common divisor of 144 and u.
16
Suppose 3*j - 290 = r, -1 + 3 = -r. What is the highest common factor of j and 12?
12
Suppose 5*h + 0*h - 7 = 2*k, -5*k = 4*h - 32. Suppose -7*l = -k*l - 189. Calculate the greatest common factor of 7 and l.
7
Let i(f) = 2*f - 2. Let z be i(3). What is the highest common factor of z and 36?
4
Suppose v - 252 = 3*v - 4*s, 5*s + 705 = -5*v. Let n = 202 + v. What is the highest common divisor of n and 6?
6
Suppose 462 = 7*i + 7*i. What is the highest common divisor of i and 55?
11
Let j be (1/2)/((-1)/(-4)). Suppose h - 3 = -4*n, 5*n + 0 = h + 6. Calculate the highest common factor of j and n.
1
Let y be 35 + 0/(-3 - 1). Calculate the highest common factor of 5 and y.
5
Let n be 0 + (-2)/11 - 864/(-33). Calculate the greatest common divisor of 130 and n.
26
Let y = 50 - -34. Let s(o) = 28*o - 44. Let z be s(2). Calculate the highest common factor of z and y.
12
Let z be 4/(-30) - (-386)/(-30). Let v be (z/52)/(1/(-4)). Calculate the highest common divisor of v and 7.
1
Let g be 251/3 - (-6)/(-72)*-4. Calculate the greatest common divisor of g and 24.
12
Let a = 2 + 0. Suppose -h - a*h = -315. Let p be 1 - (-28)/(-2)*-1. What is the greatest common divisor of h and p?
15
Let c(n) = 3*n - 26. Let p be c(11). What is the highest common factor of 77 and p?
7
Suppose c = 4*c - 3. What is the highest common factor of 9 and c?
1
Suppose -2*y + z + 43 = -4*z, -5*y + 4*z = -82. What is the greatest common divisor of 154 and y?
14
Let u(h) = h**2 + 9*h + 5. Let g be u(-9). Suppose -g*n + 9 = 2*a - 85, 0 = 5*n - a - 103. Suppose n = 5*o - 20. What is the highest common factor of 8 and o?
8
Let k be -5*(-1 + 6)*-2. Let p be k - 0 - 1/(-1). Calculate the highest common divisor of p and 34.
17
Suppose -r - 5*s = 7, 6*s = 2*r + 4*s - 10. Let q(i) = 2 - i**3 - 4 + r + 6*i. Let b be q(-5). What is the greatest common divisor of b and 12?
12
Let u = -10 + 25. What is the highest common factor of u and 165?
15
Let j = 39 + -21. Calculate the highest common divisor of 81 and j.
9
Let j(z) = -3*z + 4. Let s be j(-5). Let m be ((-1)/1)/(3/(-513)). Calculate the highest common factor of m and s.
19
Let x = -74 - -94. What is the highest common factor of 10 and x?
10
Let x = -69 + 88. What is the greatest common factor of 19 and x?
19
Suppose -3*m - 5*z + 141 = 0, 5*m - 160 = 4*z + 38. Calculate the greatest common factor of 42 and m.
42
Let h = 77 - 45. Suppose -5*q + 0*z = -3*z - 83, -2 = 2*z. What is the highest common factor of h and q?
16
Suppose 12 = 4*n - n. Suppose -2*k + n = -k. Let d be k/(-30)*-3*25. What is the greatest common divisor of d and 30?
10
Let f = 13 - 6. Calculate the greatest common factor of f and 35.
7
Suppose 2*d + 2*j - 630 = 0, 5*d + 2*j = 1369 + 221. What is the greatest common factor of 20 and d?
20
Let n be 2 + 2 + -2 + 1. Suppose b + 2*h - 48 = 0, -b + 3*h + 148 = n*b. Calculate the greatest common factor of 5 and b.
5
Suppose -25 = 2*x - 7*x. Suppose 0*k - x*f = 4*k - 44, 5*k - 96 = 4*f. Calculate the highest common factor of 16 and k.
16
Let n = -14 + 14. Suppose n = q + 4*z - 4, -3*z - 26 = -3*q - z. Calculate the highest common factor of q and 2.
2
Let q(p) = -3*p**2 - 2*p - 1. Let c be q(-1). Let y(h) = -33*h - 1. Let x be y(c). Calculate the highest common factor of x and 26.
13
Let d be 1/((-3)/3) - -1. Suppose 3*f + f - 48 = d. What is the greatest common divisor of f and 48?
12
Suppose -5*b + 3*h = -0*h - 87, 4*b - 3*h - 72 = 0. Suppose 30 = 3*w - w. What is the greatest common divisor of b and w?
15
Let m(x) = -4 + 3 - x**2 + 0*x - 4 - 6*x. Let q be m(-5). Suppose q = -0*c + c - 10. What is the greatest common divisor of 80 and c?
10
Suppose -85 = -8*j + 43. What is the highest common factor of 112 and j?
16
Suppose -2*s + p = -6, 4*s + p - 9 = -3. Suppose -s*a + 5*a = 51. Calculate the highest common factor of 119 and a.
17
Suppose -i + 18 = 8. Calculate the highest common divisor of i and 90.
10
Suppose 2*q + 0 - 12 = 0. Suppose 40 = -2*i + q*i. Let j be 1 - (-23)/(-1)*-3. Calculate the highest common factor of j and i.
10
Let t(z) = -z**2 - 5*z + 10. Let v be t(-6). Suppose n = -v*i + 441, 2*n + 438 = -0*i + 4*i. What is the greatest common factor of i and 44?
22
Suppose 4*a - r = 111, -3*a + 87 = -0*a + 3*r. Suppose -265 = -4*t - h + 17, -2*t = -5*h - 130. Calculate the highest common factor of t and a.
14
Suppose 108 = 2*l - 5*f, f + 252 = 4*l - 0*f. Let y = 21 - 13. What is the highest common factor of l and y?
8
Let b(w) be the second derivative of -w**4/12 + 4*w**3/3 - 3*w**2/2 - 6*w. Let v be b(7). What is the highest common divisor of 32 and v?
4
Let r(o) = -o + 6. Let m be r(4). Let j(a) = a**2 - a. Let i be j(m). Calculate the highest common factor of i and 5.
1
Let x(p) = 16*p + 5. Let m be x(7). What is the greatest common factor of m and 13?
13
Let q be (-1 - -2) + (0 - -13). Let r be 4/(-14) - (-144)/q. Calculate the greatest common factor of r and 10.
10
Let w(u) = 2*u**2 - 12*u + 15. Let t be w(6). What is the highest common factor of t and 5?
5
Suppose -2*r - 1368 = -20*r. Calculate the greatest common divisor of r and 190.
38
Suppose -45 = -5*a + 2*a. Suppose -2*f + 10 = 0, 3*w + 3*f = w - 53. Let r be w/(-6) + (-4)/(-12). What is the greatest common divisor of r and a?
3
Let u be ((-3)/6)/((-4)/248). Suppose u = 12*b - 11*b. Calculate the greatest common factor of b and 155.
31
Suppose 12 = 4*t - t, -3*w - 10 = -4*t. What is the highest common divisor of 18 and w?
2
Suppose -3*s = -4*s + 70. Suppose -4*d + 2*d - 4*h = 28, 2*h - 4 = 2*d. Let v = 4 - d. Calculate the greatest common divisor of s and v.
10
Let u be -1*(1 + 0 - 8). Suppose u = f - 21. Let k = -97 - -139. What is the highest common divisor of k and f?
14
Let x(b) = 7*b - 6. Suppose -32 = -4*p - 0*p. Let o be x(p). Let q = o + -30. What is the greatest common factor of q and 8?
4
Let g(r) = -15*r - 10. Let t be g(-2). Calculate the greatest common divisor of t and 460.
20
Suppose -3*v + 2*b - 12 = -94, -5*v + 137 = -3*b. Suppose -j = -3*w + 48, 3*j + 23 = 4*w - 36. Let p = v - w. What is the greatest common divisor of 77 and p?
11
Suppose -6 = -5*h + 4. Suppose -4*i = -h*u - 2*u - 36, 3*i - 17 = u. What is the highest common factor of 32 and i?
4
Let z(n) = -n**3 + n**2 + 2*n + 2. Let c be z(-2). Let h(o) = 7*o**2 + 2. Let t be h(-2). Calculate the highest common divisor of t and c.
10
Suppose d = -3*d - 4*x + 124, 5*d + 4*x = 157. Suppose 5*q + 4*j = 126, -4*q - q = -4*j - 94. What is the greatest common factor of d and q?
11
Suppose 5*q - 100 + 20 = 0. Suppose m - 4*k - q = 4*m, -5*m = 2*k + 50. Let l = 4 - m. What is the greatest common factor of l and 24?
8
Suppose 0 = m - 3*m + 4. Let o be 3/2*(-544)/(-51). Suppose -o = -m*r + 5*x, -r + x - 3 = -17. What is the highest common factor of 198 and r?
18
Suppose n + 10 = -b - 2*n, 5*n = -5*b. Suppose -5*h - 10 = -4*j, 0*j = -b*j - 3*h + 31. Calculate the greatest common factor of 45 and j.
5
Suppose -3*z + j = -10, 0*j = 2*z + 4*j - 2. Let k be (-2)/3 - (-147)/(-9). Let v = k + 26. What is the greatest common factor of z and v?
3
Let s be 3 + 0 + 0/2. Suppose 2*r + s*j - 6 = 0, -2*j = 4*r + j - 24. Let m = 71 + 10. What is the highest common divisor of m and r?
9
Let k be 4/10 + (-2453)/(-55). Calculate the greatest common divisor of k and 15.
15
Let m be 2 + (6 + 1)*-2. Let u = m - -24. What is the greatest common divisor of u and 4?
4
Suppose -6 = i - 16. Calculate the greatest common divisor of i and 55.
5
Let m = 29 - 14. Calculate the highest common factor of m and 30.
15
